 0. What is the tens digit of m?
1
Let x(c) = 6*c**2 + 2*c + 2. Let b(a) be the second derivative of -a**5/20 + 13*a**4/12 + 7*a**3/3 + a**2 + 5*a. Let m be b(14). What is the tens digit of x(m)?
3
What is the hundreds digit of -4 - (-1130)/(3 + 2)?
2
What is the units digit of ((-5187)/(-665))/(778/(-390) + 2)?
1
Let u(z) = -z**2 + 218. Let i be ((-40)/(-15))/8*0. What is the hundreds digit of u(i)?
2
Let p(m) = -m**3 - 10*m**2 - 12*m - 8. Let z be p(-9). Let y = 42 - z. What is the tens digit of y?
2
Let d = -35 - -37. Suppose 42 = 5*c - 3*c - 4*f, 0 = 3*c - d*f - 79. What is the units digit of c?
9
Let z be ((-4)/10)/(9/45). Let l = z + 19. Let q = l + -12. What is the units digit of q?
5
Let z = -1207 + 1954. What is the units digit of z?
7
Suppose -2*r + 37 - 35 = 0. What is the units digit of r*(41 + -2) + (1 - 3)?
7
Suppose 46 = 3*x - 44. Suppose 3*r - x - 9 = 0. Suppose -7 = 2*a - r. What is the units digit of a?
3
Let n(t) = 10*t**2 + 3*t + 2. Let q be n(-2). Let b = -17 + q. What is the units digit of b?
9
Suppose p - 22 = 4*y, -5*y = 2*p + 16 + 5. Let i(q) = -2*q + 12 - 15*q**2 + 5 - 12*q + p*q**3 - 3*q**3. What is the units digit of i(-14)?
7
Suppose -3720 = 8*o - 13*o. What is the units digit of o?
4
Suppose 5*t + 10 = 5*d, -d + 3*d - 5 = 3*t. Let f(r) = -7*r**3 + 2*r**2 + r. Let k be f(t). Suppose 12*a - 80 = k*a. What is the tens digit of a?
2
Suppose -2*n = -5*d - 445, -2*n - 33 - 131 = 2*d. Let m = 137 + d. What is the units digit of m?
0
Let u(b) = -b**3 - 6*b**2 - 9*b - 11. Let p(d) = -d + 4. Let t be p(9). What is the units digit of u(t)?
9
Suppose 8*h - 4040 = -1864. What is the hundreds digit of h?
2
Let z(p) = p**2 + 6*p - 11. Let x be z(-7). What is the hundreds digit of (-114)/27 - x - (-2308)/18?
1
Let y(b) = 2*b + 5. Suppose z + 3 = -1, -3*x = -4*z - 19. Let q(c) = 3*c**2 + 1. Let r be q(x). What is the tens digit of y(r)?
1
Suppose q - 10*q = -18. Let b(n) = 80*n**2 + 6*n + 4. What is the tens digit of b(q)?
3
Let q be 32/(-3) + 3/(-9). Let p = 26 + q. What is the tens digit of p?
1
Suppose k - 3 = -v, -11 - 1 = -4*k + 2*v. Suppose -u - k*u + 8 = 0. Suppose 17 = 5*a - 2*t, u*t + 4 = 2*a + 4*t. What is the units digit of a?
3
Suppose 21 = -3*x + 60. Let f = 32 + x. What is the units digit of f?
5
Let l = -12 - -59. Let k = -28 + l. What is the tens digit of k?
1
Let y be (120/14)/(-3*(-2)/42). Let g = 145 - y. What is the tens digit of g?
8
Let n(v) = v**3 + 18*v**2 + v + 10. Let d be n(-18). Let r(i) = i**2 + 5*i + 10. Let c be r(d). Suppose 0 = 2*j - c - 6. What is the units digit of j?
0
Let f be 3 + 4 + (4 - -393). Suppose 4*v + 305 = 3*h, -4*h + 2*v = -2*v - f. What is the tens digit of h?
9
Suppose 5*u - 36 + 11 = 0. What is the tens digit of 25/(u*(-1)/(-15))?
7
Let l(k) = k**3 - 5*k**2 - 4*k - 4. Let i be l(6). Let d = -5 + i. What is the units digit of d?
3
Suppose -p + 6001 = 2*g, 2*p + 17*g = 18*g + 11977. What is the thousands digit of p?
5
Let j(g) = 15*g**2 + 9 - 18*g - 5*g**2 - 4*g**2 - 7*g**2. Let b be j(-19). Let m = b - -30. What is the units digit of m?
0
What is the hundreds digit of 85/20*-6*-6?
1
Suppose -113 - 142 = -5*a - 5*g, 0 = -4*a + 4*g + 212. What is the units digit of (a - 1)*(-40)/(-60)?
4
Let o = -13 + 23. Let a(f) = -f**2 + 8*f + 20. Let m be a(o). Suppose 5*v = 5*t - 95, m*v = 5*t + 4*v - 113. What is the units digit of t?
1
Let a(d) = 2*d**2 - d. Let l be a(0). Suppose l = -3*t - 1 + 13. Suppose -6*c + 43 = 3*r - t*c, 4*r = -3*c + 58. What is the tens digit of r?
1
Suppose -2*b + 1034 = c, 2*c + 1121 + 430 = 3*b. What is the tens digit of b?
1
Suppose 1638 = 5*y - 897. What is the tens digit of y?
0
Let x = 292 + -162. What is the units digit of 45/30*x/3?
5
Let r be (6/5)/(10/25). Suppose 2*k = 5*o + 123, -2*k + 71 + 42 = -r*o. What is the tens digit of k?
4
Let q(j) = -68*j**3 - 5*j**2 + 3*j - 10. What is the thousands digit of q(-3)?
1
Let u = 14 + -12. Let r(z) = 28*z**2 + z + 1. Let q be r(u). Suppose -o - q = -6*o. What is the tens digit of o?
2
Let p = 68 + -26. Suppose 3*g - 56 + 2 = 5*x, -3*x - p = 3*g. What is the units digit of (-63)/x + 2/(-8)?
5
Suppose -9*z + 96 = -183. What is the units digit of z?
1
Suppose -c + 1255 = 2*l - 0*l, 0 = 2*l - 2*c - 1252. What is the hundreds digit of l?
6
Let j be (-15)/(-6)*(-18)/(-5). Let f(a) = a + j*a**2 + 0 + 14*a**2 - 1 - 8*a**2. What is the tens digit of f(1)?
1
Suppose -2*f - 3*f = 4*n + 8, -13 = -3*n + f. Let j be 3 + (n + 0)/(-3). Suppose 5*u = j*u + 39. What is the units digit of u?
3
Suppose -27 = x - 2*r + 6*r, 2*x - 4*r - 6 = 0. Let z = x + 12. Suppose -5*f + u + 128 = 0, -5 = -5*u + z. What is the units digit of f?
6
Let h = -571 + 936. Suppose -5*d - 3*u = -h, -2*u + 5 = -u. What is the tens digit of d?
7
Suppose 12 = 2*c + c + 2*y, -3*c + y + 12 = 0. Let q(k) = 2*k**2 + 6*k - 4. What is the tens digit of q(c)?
5
Suppose -29*q = -27*q - 4. What is the units digit of -1*((-36 - 2/(-2)) + q)?
3
Let n = 19 - 21. What is the tens digit of (n/5)/((-2)/390)?
7
Suppose -13*r + 10*r - 15 = 0. What is the tens digit of (-4384)/(-80) - 1/r?
5
Let z(u) = u**2 + 24*u - 7. Let v be z(-12). Let r = 33 - v. What is the tens digit of r?
8
Let d(n) = 6*n**2 - 4*n + 6. Let c be d(3). What is the units digit of (-6)/((9/c)/((-9)/3))?
6
Let v(u) = 443*u**2 + 7*u - 3. What is the tens digit of v(1)?
4
Let o be (-1)/(2/(-5)*(-5)/44). What is the tens digit of 11/(o/(-8)) - -39?
4
Let r = 4114 - 1759. What is the hundreds digit of r?
3
Let s(y) = 17*y. Let i be s(10). What is the tens digit of 5/(-5) + i/2?
8
Let p be -2 + -6*4/(-12). Suppose -5*q + 2*l + 23 = p, -5*q + 4*l + 23 = 2. Suppose 105 = q*u - 105. What is the tens digit of u?
4
Suppose -31 = -6*t + 29. Let g(m) = 2*m**2 - 13*m + 7. What is the tens digit of g(t)?
7
Suppose -5*v + r - 4*r = -1655, 0 = -3*v - 5*r + 1009. What is the units digit of v?
8
Let r be 1292 + -1 + 3 - 1. What is the units digit of r/24 + 1/8?
4
Suppose 0*h - h + 20 = 5*w, 16 = 4*w + 5*h. What is the tens digit of (125/w)/(4/32)?
5
Let a(q) = 6*q + 23. Let y(g) = g**3 - 8*g**2 + 7*g + 5. Let m be y(7). What is the units digit of a(m)?
3
Let s be (-1)/((-1408)/(-468) + -3). Let i = -76 - s. What is the tens digit of i?
4
Let i(y) be the third derivative of y**6/120 - 3*y**5/20 - 7*y**4/8 - 3*y**3/2 - y**2. What is the units digit of i(11)?
2
Suppose -5*a + 246 = -3*y - 49, 229 = 4*a - y. Suppose -5*j = -5*k - 110, -4*k - 5*j - a = -j. What is the tens digit of 230/18 - 4/k?
1
Let t = 38 + -19. Let c = -14 + t. What is the units digit of ((-3)/c)/((-2)/20)?
6
Suppose -5*p - n + 5534 = 0, -2*p - 6*n = -n - 2209. What is the units digit of p?
7
Let k = 421 - -5054. What is the units digit of k?
5
Let y(b) = b**3 - 5*b**2 - 2*b + 3. Let h be y(6). Suppose 5*m = -4*v + 12, -4*m = -3*v + 21 + 19. Let n = v + h. What is the units digit of n?
5
Let d be 0/(1 + 0 + 2). Suppose 4*x - 4*t = 32, d*x = -x + 3*t + 18. Suppose -x*k = 2*y - 66, -k - 2*y = -6*y - 22. What is the tens digit of k?
2
Suppose 3*z - 10 = -2*w, 3*z + 2*z - 3*w = 42. Suppose 6 = 4*l - z. Suppose l*i - 78 = i. What is the tens digit of i?
3
Suppose -8 + 2 = -6*o. Let b be o/(-2) + 652/8. Suppose -5*w = -3*r - 78, 5*w + 3*r = b + 21. What is the units digit of w?
8
Let j(w) = 149*w - 104. What is the tens digit of j(4)?
9
Suppose 3*b = -43*k + 48*k - 2012, 0 = 2*b + 8. What is the tens digit of k?
0
Suppose 0 = -4*n - 12, 8*k - 6*k = 3*n + 1401. What is the units digit of k?
6
Let v(f) = f**2 - 2*f + 11. Let d be v(5). Let l = 13 + d. What is the tens digit of l?
3
Let h be 2016/30 - (-1)/(-5). Suppose -2*c - h = 2*c + 5*n, -5*n + 50 = -5*c. Let s = 30 + c. What is the units digit of s?
7
Suppose 6 = n + 3*t - 8, -2*n - 4*t = -22. Suppose -z - 532 = -2*o - 3*z, -n*o = 2*z - 1318. What is the tens digit of o?
6
Let q be (0 - 8) + 3 - -3. Let d be (-74)/(-6) + q/6. What is the units digit of (-32)/(-12)*d/16?
2
Let c = 756 - 257. What is the hundreds digit of c?
4
Suppose -71*d + 76*d - 10 = 0. What is the tens digit of (-213 - 5)/(-2) - -1*d?
1
Let t = -370 - -549. What is the tens digit of t?
7
Let k = 96 + 354. What is the hundreds digit of k?
4
Let d(m) = 72*m - 51. What is the hundreds digit of d(8)?
5
Let d(w) = -3*w - 26. Let p be d(-10). Sup